me?
True
Is 4386517 a prime number?
True
Is 5169041 composite?
True
Is 7854949 prime?
True
Is 9500182 a composite number?
True
Is 21498613 composite?
False
Is 26044181 composite?
True
Is 83769109 composite?
True
Is 472579 a prime number?
False
Is 12282013 prime?
False
Is 96913042 a composite number?
True
Is 84877567 a composite number?
True
Is 64289 a prime number?
False
Is 157685497 composite?
True
Is 7786547 prime?
True
Is 22284341 a composite number?
True
Is 114977 prime?
False
Is 32763361 prime?
True
Is 89983403 prime?
True
Is 22588193 prime?
True
Is 28016299 composite?
False
Is 5896127 a composite number?
True
Is 42151169 prime?
False
Is 6268697 a composite number?
True
Is 6701207 a composite number?
False
Is 7742542 composite?
True
Is 2461421 a composite number?
True
Is 2544907 a composite number?
False
Is 2423987 prime?
False
Is 18120479 a prime number?
False
Is 4260343 prime?
True
Is 238141 prime?
True
Is 6542489 a prime number?
True
Is 47603209 a prime number?
True
Is 1027609 a composite number?
True
Is 17394323 composite?
False
Is 1023627773 a prime number?
False
Is 1862843 prime?
False
Is 5570311 prime?
True
Is 7075969 prime?
True
Is 2109841 a composite number?
False
Is 7126685 a prime number?
False
Is 1599982 a prime number?
False
Is 2944289 a prime number?
True
Is 3873349 a prime number?
True
Is 22362953 a prime number?
True
Is 791652605 prime?
False
Is 4096307 a composite number?
True
Is 1947427 prime?
False
Is 93293053 a composite number?
True
Is 8848901 prime?
True
Is 3058127 composite?
False
Is 15809557 a prime number?
False
Is 102385789 a prime number?
False
Is 76822217 a composite number?
False
Is 63237385 composite?
True
Is 129076331 a composite number?
True
Is 6138187 a composite number?
True
Is 2675495 a prime number?
False
Is 924799 a composite number?
True
Is 562842471 a composite number?
True
Is 721638473 composite?
False
Is 2057785 a composite number?
True
Is 128033707 a composite number?
False
Is 2545027 a prime number?
False
Is 231066859 composite?
False
Is 73257241 a composite number?
False
Is 6097721 a prime number?
False
Is 7774721 composite?
False
Is 18796937 a composite number?
False
Is 4142891 prime?
True
Is 1470089 prime?
False
Is 270637931 a composite number?
False
Is 6861419 prime?
True
Is 6342839 a composite number?
False
Is 28727003 a prime number?
False
Is 7617455 composite?
True
Is 280169 a prime number?
False
Is 30356611 a composite number?
True
Is 599883 composite?
True
Is 53378857 a prime number?
False
Is 51403 a composite number?
True
Is 6360163 a prime number?
False
Is 9680027 composite?
True
Is 2355091 a prime number?
False
Is 1838063 a prime number?
True
Is 25572791 a prime number?
True
Is 155134519 a composite number?
True
Is 24662159 a prime number?
True
Is 44039474 prime?
False
Is 2311481 prime?
False
Is 1546697 prime?
True
Is 774427 a composite number?
False
Is 272714291 prime?
True
Is 377537 composite?
False
Is 29235607 composite?
False
Is 40987777 a composite number?
False
Is 837443 composite?
True
Is 19964533 composite?
False
Is 60541193 a prime number?
False
Is 1438 prime?
False
Is 203933427 a prime number?
False
Is 38674831 composite?
True
Is 4097683 a prime number?
True
Is 1170919 a composite number?
True
Is 1682003 composite?
True
Is 1739959 a prime number?
False
Is 13217963 prime?
False
Is 28302211 a composite number?
True
Is 77681 a prime number?
True
Is 77646953 a composite number?
False
Is 440849 prime?
True
Is 53233451 a prime number?
True
Is 125899273 a composite number?
False
Is 2829301 prime?
True
Is 7279 a prime number?
False
Is 246073 composite?
False
Is 6740393 prime?
False
Is 12045497 a prime number?
True
Is 593689 a composite number?
False
Is 128500231 composite?
False
Is 785483 a prime number?
True
Is 1591529 composite?
True
Is 3986839 a composite number?
False
Is 8481461 a composite number?
False
Is 858716185 a composite number?
True
Is 614097719 a composite number?
False
Is 32769861 prime?
False
Is 34939003 a composite number?
True
Is 85422587 a prime number?
False
Is 3748657 prime?
False
Is 44391553 a composite number?
False
Is 966863 prime?
True
Is 7033391 prime?
True
Is 4744633 prime?
False
Is 94215929 a composite number?
True
Is 20316341 prime?
True
Is 76294909 a prime number?
True
Is 66460963 a prime number?
False
Is 2800169 composite?
True
Is 11079773 composite?
False
Is 113013953 a prime number?
False
Is 10840513 a prime number?
True
Is 2929378 a composite number?
True
Is 101779 a prime number?
False
Is 8817 a composite number?
True
Is 17748947 composite?
False
Is 10319819 a composite number?
True
Is 6829507 prime?
True
Is 2622457 a prime number?
False
Is 226691 a composite number?
False
Is 104420933 a prime number?
True
Is 5840531 a composite number?
True
Is 8010481 a composite number?
False
Is 6628357 a prime number?
True
Is 175530731 a prime number?
True
Is 2628401 composite?
False
Is 1325309 prime?
True
Is 99253117 composite?
False
Is 44792303 a prime number?
False
Is 4596901 a prime number?
True
Is 138931 a prime number?
False
Is 131126921 a prime number?
True
Is 11969519 a composite number?
False
Is 44287991 prime?
False
Is 14612021 composite?
False
Is 49253 prime?
True
Is 72645161 composite?
True
Is 1326271 prime?
True
Is 7816537 prime?
False
Is 66214919 a prime number?
False
Is 37303163 prime?
False
Is 21069721 prime?
False
Is 25985849 composite?
False
Is 46900993 prime?
True
Is 32315581 a composite number?
False
Is 3067717 composite?
True
Is 28514597 a composite number?
True
Is 28889683 prime?
True
Is 141249203 prime?
True
Is 4431535 prime?
False
Is 22923071 a prime number?
False
Is 71731969 a prime number?
True
Is 92357 a composite number?
False
Is 114940781 a composite number?
False
Is 1222381 prime?
False
Is 35939413 prime?
True
Is 284951 a prime number?
False
Is 20114681 a composite number?
True
Is 274386943 prime?
True
Is 1286119 a composite number?
False
Is 253335961 prime?
False
Is 216206303 composite?
False
Is 3394121 prime?
False
Is 760128949 a prime number?
True
Is 80811751 a composite number?
True
Is 736619 composite?
True
Is 84304643 composite?
False
Is 1187507 a prime number?
True
Is 9403231 composite?
False
Is 17331473 a composite number?
True
Is 2089817 composite?
True
Is 3454201 a prime number?
True
Is 5820533 composite?
False
Is 642241871 prime?
True
Is 22099211 a composite number?
True
Is 270617 composite?
True
Is 5146199 composite?
False
Is 214170521 a prime number?
False
Is 6626377 prime?
True
Is 52522507 prime?
True
Is 144667 prime?
True
Is 1117009 a prime number?
True
Is 870953 prime?
True
Is 5366003 composite?
False
Is 3757861 a composite number?
False
Is 766609 a prime number?
True
Is 237642149 composite?
False
Is 559297 a prime number?
True
Is 97010393 composite?
True
Is 27688537 composite?
False
Is 11983646 a prime number?
False
Is 630193 a composite number?
False
Is 13757867 prime?
True
Is 8525507 a prime number?
False
Is 67796303 a prime number?
False
Is 76552313 a composite number?
False
Is 23762249 prime?
False
Is 12646747 a prime number?
True
Is 381905509 prime?
False
Is 59752681 a prime number?
True
Is 4817833 a prime number?
False
Is 1428083 a prime number?
False
Is 52913771 a prime number?
True
Is 82645201 prime?
True
Is 15610367 prime?
True
Is 189158209 a prime number?
True
Is 42308639 a composite number?
False
Is 408825203 a prime number?
True
Is 1121987 composite?
False
Is 6118481 prime?
True
Is 250996666 composite?
True
Is 2765381 a composite number?
True
Is 631441 a composite number?
True
Is 764801 a composite number?
True
Is 551951 composite?
False
Is 24061043 prime?
True
Is 12942205 composite?
True
Is 258346003 composite?
False
Is 2086321 prime?
True
Is 690227 composite?
True
Is 21985529 prime?
True
Is 67426033 prime?
False
Is 7672871 a prime number?
False
Is 3134211 prime?
False
Is 171918413 prime?
False
Is 4101299 a prime number?
False
Is 108136723 prime?
True
Is 190489087 a composite number?
False
Is 974591 a composite number?
False
Is 4528253 a prime number?
True
Is 9446291 prime?
True
Is 376321 a composite number?
True
Is 37217783 a prime number?
True
Is 568383581 a prime number?
True
Is 54522701 a prime number?
True
Is 7589459 a prime number?
False
Is 1471213 a prime number?
True
Is 45939307 a composite